. Let c(a) = 3*a**3 + 8*a**2 - 20*a + 13. Let q(b) = 7*c(b) + 4*h(b). Let s be q(10). Let y = s - -127. Is y prime?
False
Suppose 4*u + 194 = -2*p - p, 5 = 5*u. Is ((-1)/(3/p))/(8/148) a prime number?
False
Is (-3778 - (0 + 0))*(-72)/144 composite?
False
Let w(x) = -x**3 - 13*x**2 - 3*x - 1. Let m = 25 - 38. Let y be w(m). Suppose 0 = 2*o - 0*o - y. Is o a composite number?
False
Suppose -2 = 5*j - h + 2*h, -j = -2*h - 4. Suppose j = 3*m - 425 - 4546. Is m composite?
False
Suppose b = -5*k + 7857, -2*k = b + b - 3146. Is k prime?
True
Suppose 0 = 3*w + u - 2873, -2879 = -3*w - 2*u + 7*u. Suppose 2*l + w = 4*l. Is l a composite number?
False
Let o be (-5 - 12/(-3)) + 4 + 1. Suppose -t + 810 = o*t + 5*x, 5*t + x - 798 = 0. Is t composite?
True
Let n be 0 - 12/21 - (-175)/49. Is 0 + n + -4 - -212 composite?
False
Let g(u) be the third derivative of -23*u**4/12 + 5*u**3/6 - 15*u**2. Let m = -5 - 4. Is g(m) a composite number?
False
Let s = 2716 + -490. Let d = 3929 - s. Is d a composite number?
True
Suppose 4*z + 3*d + 2 = 6*d, 5*z = 4*d - 3. Is (-2)/(4915/4925 - z) a prime number?
False
Is -7 + 27940 + (-72)/(-9) prime?
True
Let m be 4/16 + 28/16. Let z(y) = m + 13*y + y**3 - 8*y**2 - 11 - 2. Is z(9) prime?
False
Let d = -28 + 8. Let v be ((-24)/(-10))/((-8)/d). Is (-79)/(-2) - v/12 a prime number?
False
Let t(y) = 252*y - 7. Let n be t(4). Suppose -7*f = -3*f - b - n, 4*f - 995 = 3*b. Is f a prime number?
True
Suppose -2*j + 54 = -0*j + 2*l, 3*j + 5*l = 89. Let p = 30 + j. Is p a prime number?
True
Suppose 0 = 2*g - 5*u + 18 - 100, -3*g + 3*u + 114 = 0. Let f = 213 - g. Let s = f + -88. Is s composite?
False
Let u = -49 - -130. Let q = -178 + u. Let r = q + 252. Is r a composite number?
True
Let l be -2 - ((1 - -1) + -701). Suppose 0 = -2*u + 3*u - l. Is u a prime number?
False
Is -1*(-63150)/6 + 6 prime?
True
Let z be -35*(30/(-7) + 4). Suppose z*r + 8 = 6*r. Is -513*5/(-5) + r a prime number?
False
Let w(k) = k**2 - 12*k + 10. Let q be w(10). Let x = 10 + q. Suppose x = -4*i - i + 45. Is i composite?
True
Let m(z) = -z**2 - 3*z + 7. Let q be m(-5). Is (-3*2/q)/(10/3245) prime?
False
Is 352/(-165) + 2 + (-79971)/(-45) prime?
True
Let o be -1 + 2*(-1)/6*-21. Suppose -g = 4*n - 709, n = 3*g + o*n - 2148. Is g a prime number?
False
Let d be -35*(120/25)/4. Is d/28*(-410)/3 a composite number?
True
Let a = 64 - 32. Let b be 8/a - (-1425)/12. Suppose -b + 998 = 3*k. Is k a prime number?
True
Let j(i) = -i**3 + 0*i**3 + 0*i**3 - 10*i**2 - 14 + 0*i**3. Is j(-12) prime?
False
Let t(x) = -x**3 + 2333. Is t(0) prime?
True
Let k(w) = 13*w**3 + 10*w**2 - 18*w + 71. Is k(6) a composite number?
True
Suppose -2*l = 3*g + 292 + 44, 5*l + 2*g = -829. Let x = 574 + l. Suppose 4*z - x = -37. Is z a prime number?
False
Let q = -56 + 55. Let x(h) = -3*h**2 - h + 1. Let i be x(1). Is q/((-1)/166) + i prime?
True
Let p(z) = 11*z**2 - 5*z - 115. Let n(w) = -3*w**2 + w. Let u(y) = -4*n(y) - p(y). Suppose -x = 2*x. Is u(x) composite?
True
Let x(z) = z**3 + 20*z**2 + 10*z + 70. Is x(23) a composite number?
True
Is ((-3316)/(-6) + 7)/((-2)/(-6)) a composite number?
True
Let q(a) = -a**3 - 5*a**2 - 2*a + 9. Let y be q(-4). Is (-223)/(y/(-3)*3) a composite number?
False
Suppose -2*y - 15 = 25. Is 13155/y*12/(-9) a composite number?
False
Let j(l) = -11*l**2 + l - 14. Let h be j(-7). Let s = h + 352. Let v = 13 - s. Is v composite?
True
Let m = 29174 - 15793. Is m a prime number?
True
Suppose 3*s + 6662 + 793 = 0. Let i = s - -4827. Is i a prime number?
False
Let n be 4/(-24) + 1678/(-12). Let l = 253 + n. Is l a prime number?
True
Let f = -70 + 74. Is 6902/8 - ((-51)/12 + f) composite?
False
Let j(q) = 4996*q + 141. Is j(2) a composite number?
False
Let w = 18274 - 7953. Is w a composite number?
False
Suppose 0 = 127*p - 129*p + 222. Is p composite?
True
Let y(h) = -1. Suppose -17*b + 8 = -15*b. Let g(p) = -p + 653. Let r(d) = b*y(d) + g(d). Is r(0) composite?
True
Suppose 2*u - 7 = -29. Let a(p) = -80*p - 13. Let m be a(u). Suppose -2*r + 5*r - m = 0. Is r a composite number?
True
Let z = -41 + 41. Suppose 0*y + 4*y - 3812 = z. Is y composite?
False
Let x be (-12 - 0)*(-4 + 5). Let t(u) = 2*u + 16. Let v be t(x). Let r(g) = -g**3 - 9*g**2 - 9*g + 2. Is r(v) a prime number?
False
Let a = 38 - 35. Let c be a + -1 - (-38 + -3). Suppose c = p - 51. Is p composite?
True
Suppose -5*b + 11183 = -7902. Is b prime?
False
Let b be 3 - (-1 - (1 - 5)). Suppose b*n = n. Suppose 5*a - 1088 + 73 = n. Is a composite?
True
Is ((-49628)/(-114))/(2/93) a composite number?
True
Let z(o) = o**2 + 2*o - 4. Let a be z(-4). Suppose 2*x - 71 = -2*x + 5*b, 0 = a*x - 4*b - 72. Is x a composite number?
False
Is (-18)/(-27)*6522/4 prime?
True
Let w = -4 + -8. Let f be (-3)/w - (-4773)/12. Suppose 2*d = f + 104. Is d a prime number?
True
Suppose 0*l + s = -5*l + 29, 3*l = 2*s + 7. Suppose -l*f - 5*d = -10, -5*f - d - d + 13 = 0. Suppose 2*i - f*i + 3*o = -80, i = 4*o + 83. Is i a prime number?
True
Suppose 6*c - 15070 = 12212. Is c prime?
True
Let s be (3/6 - 0)/(2/56). Suppose -3*q - s = -281. Is q a prime number?
True
Suppose j - 4*m + 291 = -0*j, -m - 311 = j. Let y = -155 - j. Suppose f - 1 = 0, u - y = -0*u - 3*f. Is u prime?
True
Let l(i) = 91*i - 48. Is l(11) prime?
True
Suppose 3*s - 38072 = -5*y, 5*s + 4*y - 3*y - 63446 = 0. Is s composite?
False
Suppose z = 2*n - z + 18, 24 = -n + 4*z. Let h be 0/((-8)/n + -1). Suppose y - 6 - 97 = h. Is y a composite number?
False
Let d be (-3 - -144 - 2)*-7. Let g = d + 1442. Is g a prime number?
False
Let s be 128/24 - (-1)/(-3). Suppose s*w + 3 = 5*y + w, 0 = w + 2. Let g(o) = 881*o**2 + 2*o. Is g(y) prime?
False
Let s(u) = 3*u - 2. Let h be s(-2). Let c be (-322)/(-35) + h/(-10). Suppose -c*w + 9*w = -233. Is w a prime number?
True
Suppose -4*a - r - 146 = 0, -a + 3*r - 17 = 26. Let y = a + 109. Suppose b - y = 2*w - w, -3*w + 119 = 2*b. Is b prime?
True
Suppose 0 = 45*n + 564155 - 8323100. Is n a composite number?
False
Suppose 3*u - 39397 = 3*c - 1828, 0 = 5*c. Is u prime?
False
Suppose 5*n + 3*h = 37, 3*h - h = 2*n - 2. Suppose -5*i = -n - 15. Let u = 157 + i. Is u prime?
False
Suppose 41*b = 509317 - 170534. Is b a prime number?
True
Is -5 + (-1)/(-3)*(17 + 10009) a prime number?
False
Suppose 0 = n - 744 - 542. Let x = -909 + n. Let g = x - 46. Is g a composite number?
False
Let k = -324 + 596. Suppose -5*i - 238 - 657 = 0. Let l = i + k. Is l a prime number?
False
Suppose 3*q + 16 = -5*x + 4*q, 3*x + 16 = -q. Let s be 2 + -1 + x + 8. Suppose 0 = -4*d - 4*z + 80 + 728, s*z + 208 = d. Is d prime?
False
Suppose -5*d = -4*x - 2*d + 9022, 5*x = -d + 11287. Is x composite?
True
Suppose 0 = 2*f + 3*s + 191, 4*f + 4*s + 594 - 206 = 0. Let z = 718 - 505. Let p = f + z. Is p a composite number?
False
Let j be (-6)/(-4 - -1 - -2). Suppose -a = 4*a + 3*g - j, -4*a - 2*g = -4. Suppose a = 3*t - 9, d = -4*t + 2*t + 183. Is d composite?
True
Suppose 133472 = 4*b + 28*b. Is b composite?
True
Let z be (6/(-4))/(-3)*10. Suppose s + 6*b - b = 714, z*b = -5*s + 3670. Is s prime?
True
Let y(r) = -r**3 + 11*r + 10369. Is y(0) prime?
True
Let l = 114 + 6. Let f = l + 662. Suppose i - 6*i - 1061 = -4*m, -3*m + i = -f. Is m a prime number?
False
Let t = 25259 - 17771. Suppose p = -3*o + t, o - 4987 = -o + p. Is o a prime number?
False
Let u(r) = 7*r**2 + 8*r - 4. Let m(k) be the third derivative of -k**6/24 - k**5/60 + k**3/6 - k**2. Let c be m(-1). Is u(c) prime?
True
Suppose 7*w = 11*w - 12. Suppose 7*b = -4*x + w*b + 816, -x + 4*b = -194. Is x a composite number?
True
Suppose -5*s + 10*s + 42 = 2*r, 5*s + 53 = 3*r. Suppose 0 = 4*k - 3*g - 2*g, 0 = 3*k + 4*g. Suppose -v + 82 + r = 5*m, -m + v + 21 = k. Is m a prime number?
True
Let u = 7665 + -346. Is u prime?
False
Suppose 3*o + 3925 = 8*o. Is o a prime number?
False
Suppose 5*m = l - 15867, -l - 5*m + 10465 + 5422 = 0. Is l composite?
False
Let t(s) = 30*s**2 - 17*s + 22. Is t(13) prime?
True
Suppose -2*b + 3*o = 16312, 3*b + 2*o = -0*b - 24468. Is b/(-2)*(-9)/(-18) a prime number?
True
Let y(q) = 2*q**3 - q**2 + q. Let b be y(1). Let o(j) = 3*j**b - 2 + 3 + 0 + 2 + 5*j. Is o(-4) a composite number?
False
Let o be (-26)/(-5) - 10/50. Let c(l) = -l**2 + 4*l + 4. Let q be c(o). Let u = q + 84. Is u a prime number?
T